{"id":117885,"date":"2023-07-12T15:01:52","date_gmt":"2023-07-12T13:01:52","guid":{"rendered":"https:\/\/espacesantefamille.be\/?page_id=117885"},"modified":"2023-08-11T11:54:19","modified_gmt":"2023-08-11T09:54:19","slug":"sante-et-exil","status":"publish","type":"page","link":"http:\/\/espacesantefamille.be\/index.php\/sante-et-exil\/","title":{"rendered":"Sant\u00e9 et Exil"},"content":{"rendered":"<div class=\"wpb-content-wrapper\"><p>[vc_row row_height_percent=\u00a0\u00bb65&Prime; override_padding=\u00a0\u00bbyes\u00a0\u00bb h_padding=\u00a0\u00bb2&Prime; top_padding=\u00a0\u00bb3&Prime; bottom_padding=\u00a0\u00bb3&Prime; back_image=\u00a0\u00bb117994&Prime; back_position=\u00a0\u00bbcenter center\u00a0\u00bb parallax=\u00a0\u00bbyes\u00a0\u00bb kburns=\u00a0\u00bbzoom\u00a0\u00bb overlay_alpha=\u00a0\u00bb50&Prime; gutter_size=\u00a0\u00bb3&Prime; column_width_percent=\u00a0\u00bb100&Prime; shift_y=\u00a0\u00bb0&Prime; z_index=\u00a0\u00bb0&Prime; top_divider=\u00a0\u00bbgradient\u00a0\u00bb uncode_shortcode_id=\u00a0\u00bb173363&Prime;][vc_column column_width_percent=\u00a0\u00bb100&Prime; position_vertical=\u00a0\u00bbmiddle\u00a0\u00bb gutter_size=\u00a0\u00bb2&Prime; style=\u00a0\u00bbdark\u00a0\u00bb overlay_alpha=\u00a0\u00bb50&Prime; shift_x=\u00a0\u00bb0&Prime; shift_y=\u00a0\u00bb0&Prime; shift_y_down=\u00a0\u00bb0&Prime; z_index=\u00a0\u00bb0&Prime; medium_width=\u00a0\u00bb0&Prime; mobile_width=\u00a0\u00bb0&Prime; width=\u00a0\u00bb1\/1&Prime;][\/vc_column][\/vc_row][vc_row row_height_percent=\u00a0\u00bb0&Prime; override_padding=\u00a0\u00bbyes\u00a0\u00bb h_padding=\u00a0\u00bb2&Prime; top_padding=\u00a0\u00bb5&Prime; bottom_padding=\u00a0\u00bb5&Prime; overlay_alpha=\u00a0\u00bb50&Prime; gutter_size=\u00a0\u00bb4&Prime; column_width_percent=\u00a0\u00bb100&Prime; shift_y=\u00a0\u00bb0&Prime; z_index=\u00a0\u00bb1&Prime; top_divider=\u00a0\u00bbgradient\u00a0\u00bb bottom_divider=\u00a0\u00bbgradient\u00a0\u00bb][vc_column column_width_percent=\u00a0\u00bb100&Prime; gutter_size=\u00a0\u00bb2&Prime; overlay_alpha=\u00a0\u00bb50&Prime; shift_x=\u00a0\u00bb0&Prime; shift_y=\u00a0\u00bb0&Prime; shift_y_down=\u00a0\u00bb0&Prime; z_index=\u00a0\u00bb0&Prime; medium_width=\u00a0\u00bb0&Prime; mobile_width=\u00a0\u00bb0&Prime; width=\u00a0\u00bb1\/1&Prime;][vc_custom_heading text_color=\u00a0\u00bbcolor-112534&Prime; heading_semantic=\u00a0\u00bbh6&Prime; text_size=\u00a0\u00bbh6&Prime; text_transform=\u00a0\u00bbuppercase\u00a0\u00bb css_animation=\u00a0\u00bbzoom-out\u00a0\u00bb uncode_shortcode_id=\u00a0\u00bb424714&Prime; text_color_type=\u00a0\u00bbuncode-palette\u00a0\u00bb]<\/p>\n<div class=\"page\" title=\"Page 1\">\n<div class=\"section\">\n<div class=\"layoutArea\">\n<div class=\"column\">\n<p>PREVENTION<\/p>\n<\/div>\n<\/div>\n<\/div>\n<\/div>\n<p>[\/vc_custom_heading][vc_custom_heading heading_semantic=\u00a0\u00bbh3&Prime; text_size=\u00a0\u00bbh3&Prime; text_transform=\u00a0\u00bbuppercase\u00a0\u00bb css_animation=\u00a0\u00bbzoom-out\u00a0\u00bb uncode_shortcode_id=\u00a0\u00bb132351&Prime;]<\/p>\n<div class=\"page\" title=\"Page 1\">\n<div class=\"section\">\n<div class=\"layoutArea\">\n<div class=\"column\">\n<p>L\u2019axe Formation\u00a0 Pr\u00e9vention<\/p>\n<\/div>\n<\/div>\n<\/div>\n<\/div>\n<p>[\/vc_custom_heading][vc_row_inner][vc_column_inner width=\u00a0\u00bb1\/2&Prime;][vc_column_text css_animation=\u00a0\u00bbright-t-left\u00a0\u00bb uncode_shortcode_id=\u00a0\u00bb592833&Prime;]L\u2019association propose un espace de parole pour les personnes qui traversent des moments de conflits. Le m\u00e9diateur, la psychologue, la th\u00e9rapeute familiale travaillent ou non sous mandat du tribunal.<\/p>\n<p>La m\u00e9diation peut donc intervenir dans le cadre d\u2019une proc\u00e9dure judiciaire tout comme elle peut exister pour soutenir les familles, les couples en difficult\u00e9 en dehors de toutes proc\u00e9dures.<\/p>\n<p>Les intervenants peuvent sur demande du client faire appel \u00e0 un repr\u00e9sentant religieux (Imam, Rabbin, pr\u00eatre\u2026) ou tout autre personne qui aurait une place importante pour le client et sa famille dans la r\u00e9solution de conflit. Notre approche est majoritairement d\u2019orientation syst\u00e9mique.[\/vc_column_text][\/vc_column_inner][vc_column_inner width=\u00a0\u00bb1\/2&Prime;][vc_column_text css_animation=\u00a0\u00bbleft-t-right\u00a0\u00bb uncode_shortcode_id=\u00a0\u00bb695280&Prime;]L\u2019objectif de la m\u00e9diation est d\u2019apprendre \u00e0 s\u2019\u00e9couter mutuellement, communiquer sainement pour arriver \u00e0 trouver un accord qui convient \u00e0 tous.<\/p>\n<p>Toutes les demandes font l\u2019objet pr\u00e9alablement d\u2019une r\u00e9union d\u2019\u00e9quipe. Elles doivent \u00eatre adress\u00e9e par mail \u00e0 info@famillesurmesure.be<\/p>\n<p>Cet espace permet aussi d\u2019envisager la r\u00e9orientation si n\u00e9cessaire vers un autre professionnel ou vers un autre type d\u2019intervention (psychoth\u00e9rapie familiale, p\u00e9dopsychiatrie, spj, saj\u2026)[\/vc_column_text][\/vc_column_inner][\/vc_row_inner][\/vc_column][\/vc_row]<\/p>\n<\/div>","protected":false},"excerpt":{"rendered":"<p>[vc_row row_height_percent=\u00a0\u00bb65&Prime; override_padding=\u00a0\u00bbyes\u00a0\u00bb h_padding=\u00a0\u00bb2&Prime; top_padding=\u00a0\u00bb3&Prime; bottom_padding=\u00a0\u00bb3&Prime; back_image=\u00a0\u00bb117994&Prime; back_position=\u00a0\u00bbcenter center\u00a0\u00bb parallax=\u00a0\u00bbyes\u00a0\u00bb kburns=\u00a0\u00bbzoom\u00a0\u00bb overlay_alpha=\u00a0\u00bb50&Prime; gutter_size=\u00a0\u00bb3&Prime; column_width_percent=\u00a0\u00bb100&Prime; shift_y=\u00a0\u00bb0&Prime; z_index=\u00a0\u00bb0&Prime; top_divider=\u00a0\u00bbgradient\u00a0\u00bb uncode_shortcode_id=\u00a0\u00bb173363&Prime;][vc_column column_width_percent=\u00a0\u00bb100&Prime; position_vertical=\u00a0\u00bbmiddle\u00a0\u00bb [&hellip;]<\/p>\n","protected":false},"author":1,"featured_media":0,"parent":0,"menu_order":0,"comment_status":"closed","ping_status":"closed","template":"","meta":{"footnotes":""},"class_list":["post-117885","page","type-page","status-publish","hentry"],"_links":{"self":[{"href":"http:\/\/espacesantefamille.be\/index.php\/wp-json\/wp\/v2\/pages\/117885","targetHints":{"allow":["GET"]}}],"collection":[{"href":"http:\/\/espacesantefamille.be\/index.php\/wp-json\/wp\/v2\/pages"}],"about":[{"href":"http:\/\/espacesantefamille.be\/index.php\/wp-json\/wp\/v2\/types\/page"}],"author":[{"embeddable":true,"href":"http:\/\/espacesantefamille.be\/index.php\/wp-json\/wp\/v2\/users\/1"}],"replies":[{"embeddable":true,"href":"http:\/\/espacesantefamille.be\/index.php\/wp-json\/wp\/v2\/comments?post=117885"}],"version-history":[{"count":6,"href":"http:\/\/espacesantefamille.be\/index.php\/wp-json\/wp\/v2\/pages\/117885\/revisions"}],"predecessor-version":[{"id":118198,"href":"http:\/\/espacesantefamille.be\/index.php\/wp-json\/wp\/v2\/pages\/117885\/revisions\/118198"}],"wp:attachment":[{"href":"http:\/\/espacesantefamille.be\/index.php\/wp-json\/wp\/v2\/media?parent=117885"}],"curies":[{"name":"wp","href":"https:\/\/api.w.org\/{rel}","templated":true}]}}